rt 39 (base 14) to base 6.
123
0 (base 2) to base 10
0
Convert -123 (base 11) to base 10.
-146
What is -b3 (base 14) in base 9?
-184
Convert -2 (base 15) to base 11.
-2
What is 7 (base 15) in base 5?
12
What is 10 (base 8) in base 9?
8
What is -201 (base 10) in base 14?
-105
What is 2131 (base 4) in base 11?
133
Convert 0 (base 16) to base 2.
0
-20 (base 4) to base 7
-11
Convert 3 (base 13) to base 6.
3
Convert -11 (base 3) to base 9.
-4
-5 (base 16) to base 10
-5
Convert 0 (base 4) to base 13.
0
19 (base 10) to base 16
13
Convert 23 (base 4) to base 14.
b
1 (base 3) to base 10
1
Convert -4 (base 16) to base 12.
-4
8 (base 15) to base 2
1000
What is -1 (base 9) in base 16?
-1
What is -232 (base 4) in base 5?
-141
What is c (base 13) in base 14?
c
-1 (base 14) to base 12
-1
-75 (base 8) to base 10
-61
173 (base 11) to base 15
d6
10 (base 3) to base 5
3
-127 (base 8) to base 12
-73
1 (base 10) to base 4
1
-b (base 16) to base 3
-102
What is -2 (base 8) in base 13?
-2
What is -42 (base 6) in base 7?
-35
What is 1 (base 8) in base 6?
1
2b (base 15) to base 4
221
-3 (base 15) to base 3
-10
What is -143 (base 7) in base 11?
-73
What is 1102 (base 4) in base 16?
52
What is 4 (base 14) in base 6?
4
Convert 1111 (base 2) to base 3.
120
What is -1 (base 10) in base 3?
-1
What is 27 (base 8) in base 9?
25
-1 (base 2) to base 3
-1
What is 10110011 (base 2) in base 16?
b3
9 (base 11) to base 9
10
2 (base 6) to base 2
10
0 (base 2) to base 11
0
What is 3 (base 9) in base 7?
3
Convert -1101 (base 2) to base 16.
-d
What is -10101 (base 2) in base 6?
-33
-1131 (base 5) to base 2
-10100110
What is -2d (base 14) in base 15?
-2b
What is 1 (base 4) in base 3?
1
-6 (base 11) to base 10
-6
Convert 253 (base 10) to base 12.
191
113 (base 8) to base 10
75
Convert -32 (base 15) to base 9.
-52
What is 560 (base 7) in base 3?
101122
What is 11 (base 13) in base 11?
13
What is -a (base 14) in base 16?
-a
Convert 2 (base 8) to base 5.
2
0 (base 16) to base 5
0
89 (base 14) to base 9
144
-311 (base 6) to base 7
-223
What is b (base 15) in base 3?
102
Convert 17 (base 15) to base 11.
20
Convert -2d (base 15) to base 16.
-2b
3 (base 6) to base 11
3
Convert -4 (base 12) to base 13.
-4
Convert 2b (base 14) to base 7.
54
301 (base 4) to base 12
41
Convert 22 (base 8) to base 3.
200
105 (base 6) to base 12
35
-10 (base 16) to base 14
-12
What is 33 (base 16) in base 12?
43
22 (base 9) to base 6
32
-12 (base 8) to base 6
-14
What is -22a (base 11) in base 12?
-1aa
Convert -11 (base 12) to base 2.
-1101
-88 (base 10) to base 9
-107
226 (base 7) to base 13
91
What is 111 (base 2) in base 10?
7
What is -6 (base 10) in base 15?
-6
What is 13 (base 8) in base 9?
12
-a (base 16) to base 14
-a
Convert -342 (base 5) to base 11.
-89
What is -120 (base 11) in base 12?
-bb
What is -a (base 13) in base 5?
-20
1051 (base 6) to base 9
304
Convert -4 (base 15) to base 9.
-4
-13 (base 5) to base 14
-8
-140 (base 9) to base 5
-432
-34 (base 15) to base 11
-45
Convert 403 (base 5) to base 12.
87
Convert -2 (base 8) to base 12.
-2
188 (base 9) to base 8
241
What is 101 (base 3) in base 11?
a
Convert -45 (base 6) to base 11.
-27
-102 (base 5) to base 12
-23
0 (base 5) to base 13
0
What is -3 (base 7) in base 4?
-3
Convert 305 (base 7) to base 10.
152
What is -7 (base 12) in base 2?
-111
Convert 3 (base 8) to base 11.
3
What is 1043 (base 6) in base 4?
3303
Convert 90 (base 13) to base 7.
225
What is -1111001 (base 2) in base 8?
-171
What is -21 (base 7) in base 9?
-16
Convert 51 (base 6) to base 11.
29
10000 (base 2) to base 11
15
What is -12 (base 5) in base 9?
-7
Convert 113 (base 4) to base 14.
19
Convert -212 (base 4) to base 11.
-35
-101 (base 3) to base 14
-a
9 (base 13) to base 3
100
What is -3 (base 8) in base 4?
-3
Convert 81 (base 14) to base 13.
89
111 (base 10) to base 4
1233
-1 (base 16) to base 7
-1
-92 (base 12) to base 6
-302
Convert 13 (base 5) to base 7.
11
Convert 130 (base 5) to base 7.
55
What is -4 (base 12) in base 2?
-100
What is -29 (base 14) in base 16?
-25
1001 (base 3) to base 13
22
Convert 11000 (base 2) to base 3.
220
2 (base 11) to base 2
10
Convert 6 (base 10) to base 2.
110
2 (base 14) to base 12
2
What is -3 (base 16) in base 8?
-3
Convert 3 (base 11) to base 15.
3
-1 (base 7) to base 4
-1
1041 (base 5) to base 7
266
What is 58 (base 16) in base 15?
5d
Convert 77 (base 9) to base 7.
130
3 (base 16) to base 3
10
Convert 16 (base 9) to base 6.
23
What is -11 (base 5) in base 13?
-6
Convert -1110110 (base 2) to base 12.
-9a
Convert 0 (base 9) to base 8.
0
22110 (base 3) to base 12
170
3 (base 5) to base 6
3
-58 (base 13) to base 15
-4d
What is -9 (base 13) in base 10?
-9
Convert 33 (base 10) to base 15.
23
What is -2 (base 9) in base 13?
-2
What is 0 (base 16) in base 3?
0
Convert -7 (base 10) to base 6.
-11
Convert -225 (base 6) to base 16.
-59
12 (base 6) to base 12
8
5 (base 10) to base 16
5
-33 (base 12) to base 8
-47
-58 (base 14) to base 8
-116
231 (base 5) to base 12
56
Convert -45 (base 12) to base 14.
-3b
What is -16 (base 12) in base 10?
-18
What is -36 (base 9) in base 16?
-21
Convert -26 (base 9) to base 10.
-24
Convert -15 (base 6) to base 9.
-12
2 (base 12) to base 13
2
Convert -23 (base 6) to base 2.
-1111
What is 8d (base 15) in base 8?
205
What is 19 (base 12) in base 13?
18
What is -2121 (base 5) in base 4?
-10132
a5 (base 14) to base 12
101
What is -8 (base 11) in base 9?
-8
What is 59 (base 10) in base 9?
65
9 (base 15) to base 13
9
Convert -10 (base 14) to base 15.
-e
What is -55 (base 13) in base 7?
-130
Convert 3f (base 16) to base 6.
143
What is -11100 (base 2) in base 16?
-1c
b (base 15) to base 10
11
1 (base 9) to base 10
1
Convert -25 (base 7) to base 11.
-18
Convert -3 (base 15) to base 7.
-3
Convert 5 (base 7) to base 16.
5
d (base 15) to base 13
10
What is 114 (base 7) in base 9?
66
Convert -6 (base 15) to base 16.
-6
Convert -2 (base 7) to base 11.
-2
4 (base 16) to base 6
4
Convert 3 (base 7) to base 16.
3
Convert 0 (base 4) to base 6.
0
Convert -2 (base 16) to base 3.
-2
3 (base 16) to base 11
3
What is -4 (base 11) in base 3?
-11
What is 12 (base 11) in base 14?
d
Convert -5 (base 8) to base 3.
-12
-5 (base 11) to base 10
-5
Convert 4 (base 15) to base 12.
4
100001 (base 2) to base 14
25
What is -b4 (base 15) in base 11?
-144
What is -2f (base 16) in base 12?
-3b
Convert 194 (base 10) to base 16.
c2
What is -2122 (base 3) in base 7?
-131
Convert -36 (base 10) to base 12.
-30
What is 3 (base 8) in base 9?
3
Convert -51 (base 10) to base 14.
-39
What is 23 (base 4) in base 6?
15
What is 23 (base 4) in base 5?
21
-1011011 (base 2) to base 15
-61
What is 18 (base 12) in base 13?
17
Convert -122 (base 10) to base 3.
-11112
Convert -1 (base 13) to base 5.
-1
111 (base 5) to base 12
27
Convert -3d (base 15) to base 2.
-111010
What is -542 (base 6) in base 11?
-178
What is 3 (base 6) in base 7?
3
Convert 2a (base 12) to base 15.
24
Convert 9c (base 15) to base 6.
403
What is 112 (base 5) in base 8?
40
What is b (base 15) in base 10?
11
What is 20 (base 3) in base 2?
110
-10 (base 6) to base 10
-6
What is -2 (base 9) in base 7?
-2
5 (base 14) to base 16
5
What is 133 (base 4) in base 11?
29
What is 3e (base 16) in base 2?
111110
What is -1a (base 13) in base 12?
-1b
3 (base 13) to base 16
3
What is -10011 (base 2) in base 6?
-31
What is -10 (base 9) in base 14?
-9
-2 (base 7) to base 4
-2
What is b1 (base 16) in base 4?
2301
What is 20 (base 12) in base 6?
40
-2 (base 3) to base 10
-2
77 (base 16) to base 12
9b
17 (base 15) to base 13
19
Convert 1 (base 5) to base 8.
1
Convert 0 (base 12) to base 9.
0
Convert 51 (base 8) to base 3.
1112
-94 (base 11) to base 6
-251
What is -3 (base 12) in base 8?
-3
-110 (base 5) to base 16
-1e
70 (base 10) to base 8
106
Convert 104 (base 7) to base 5.
203
What is 1201 (base 3) in base 2?
101110
55 (base 6) to base 14
27
-33 (base 5) to base 13
-15
What is 2 (base 14) in base 6?
2
Convert -87 (base 13) to base 10.
-111
What is -1010111 (base 2) in base 9?
-106
10 (base 10) to base 6
14
What is 37 (base 11) in base 12?
34
What is -191 (base 11) in base 4?
-3131
What is -10 (base 4) in base 11?
-4
Convert 3 (base 14) to base 16.
3
1021 (base 3) to base 11
31
What is -6 (base 11) in base 15?
-6
What is 12 (bas